40. What is the units digit of a?
4
Let h(s) = 34*s**3 + 6*s**2 + 10*s - 22. What is the tens digit of h(3)?
8
Let z(l) = 247*l**2 - 14*l. What is the units digit of z(-2)?
6
Let x(r) = 28*r**2 - 7. Let u = -72 - -75. What is the hundreds digit of x(u)?
2
Let f = -6 - -10. Suppose f*h + 3*q - 370 = 331, 884 = 5*h - 4*q. Suppose -5*u - 1 = -h. What is the units digit of u?
5
Let s be (24/12)/(1/3). Suppose 2*h = -4*k + 258, 3*h = 5*h - s. Let v = 115 - k. What is the tens digit of v?
5
Suppose 0 = 2*j - 23 + 13. Suppose -3*z + 2*i = 5*i - 837, 1345 = j*z - 5*i. What is the units digit of z?
4
Let y(s) = -20*s + 12. Let b be y(-6). Let h = b + -61. Let a = -32 + h. What is the units digit of a?
9
Suppose 11 = 2*p - 3. Let j(f) = p*f - 4*f - 7 + 0*f. What is the tens digit of j(6)?
1
Let t(y) = -37*y - 29. Let m be t(19). What is the units digit of (-4)/(-6)*m/(-8)?
1
Suppose -3*f + 12 = -0*f, 0 = 3*k + f - 13. Suppose 0 = 2*a + 2*x - 112, 6*a = k*a + 4*x + 196. What is the tens digit of a?
6
Suppose -2*v = -5*v + 486. Let q be (-2)/14 - 1962/(-14). Suppose -4*l + v = -f, 0 = 4*l - 2*f - 20 - q. What is the units digit of l?
1
Suppose 4*z + 2*c - 2 = 0, 8 = 2*c - 2. Let b = 4 + z. Suppose 2*l - 4*s - 76 = 4, 0 = b*l + 2*s - 92. What is the tens digit of l?
4
Let o = -25 + 24. Let g = o - -30. What is the units digit of g?
9
Suppose 2*w + 3*d = 576 + 1485, -4*w - 5*d + 4127 = 0. What is the units digit of w?
8
Suppose 18 = 3*j - 3*z, -2*j + 5*z + 9 = -4*j. What is the units digit of j + 23 + 0 + 2?
8
Let q = -5 - -7. Let s(w) = 6*w + 4 + 0 + q*w + w. What is the units digit of s(2)?
2
Suppose -22*v - 146319 = -73*v. What is the thousands digit of v?
2
Let n = -27 + 26. Let b(f) = 58*f**2 + f + 1. What is the units digit of b(n)?
8
Let n = -12 - -12. Suppose 0 = -5*f + 20, 0 = -v + f - n + 6. What is the units digit of -5*(24/v + -3)?
3
Let g(n) = 30*n + 55. Let q be g(28). Suppose q = 4*w + 315. What is the tens digit of w?
4
Let l = 14 + -12. Suppose 5*i + 3*z + 3 = 6, -i + 2*z - l = 0. What is the units digit of -2 + 1 - (i - 3)?
2
Let q(a) = 6*a**2 + 6*a - 5 + 6 + 3 - a**3. Let l be q(7). What is the units digit of 26 - (4 - (-2 - l))?
3
Let z(o) = 13 + o**3 + 6 - 2*o**3. What is the tens digit of z(0)?
1
Let n(o) = o**3 - 5*o**2 - 2*o + 14. Let c be n(7). Suppose g + 71 = h, -h + 140 = -g - g. Let i = c + g. What is the units digit of i?
9
Suppose 53*s = 57*s + 8. What is the tens digit of 2072/42 - s/(-6)?
4
Let t be 234/(-12)*2/(-3). Let f = t - -27. Let r = -28 + f. What is the units digit of r?
2
Let x(w) = -193*w - 72. What is the hundreds digit of x(-4)?
7
Suppose 13 - 41 = 4*i. Let b = 9 + i. Suppose -b = l, l + 38 = 3*t + 6*l. What is the units digit of t?
6
Let y(p) be the second derivative of -p**5/20 + p**4/2 + p**3/2 + p. What is the units digit of y(-4)?
8
What is the units digit of 3901 + (-8 - (-1)/(-1))?
2
Suppose h - 4*f = 5*h - 36, 3*f = 12. Suppose 4*l - 90 = -h*w - 21, 0 = 4*l - 2*w - 90. What is the tens digit of l?
2
Let n = 315 - -377. What is the tens digit of n?
9
Suppose 4*n + 41 = 3*p - 28, 3*n - 90 = -3*p. Suppose -4*v - 260 = -188. Let j = v + p. What is the units digit of j?
9
Let i be 1 - (1 - 4) - -3. Suppose -2*w = -2*x - i*w + 79, -w = -2*x + 73. What is the tens digit of x?
3
Suppose 6*i - 2*i - 5*a - 1009 = 0, -506 = -2*i + 2*a. What is the units digit of i?
6
Let q(r) = r**2 - 12*r + 13. Let v be q(12). What is the tens digit of v + 3 + (0 - 2)?
1
Suppose 2*g = 3*g - 20. Let q = g + 41. What is the tens digit of q?
6
Suppose 5*a + 3823 = 2*k, -11*k = -15*k - 4*a + 7604. What is the tens digit of k?
0
Suppose -59*d - 2064 = -60*d - 3*n, -2*n - 10303 = -5*d. What is the thousands digit of d?
2
Suppose 16*h = 12*h + 88. Let w = -2 - -4. Suppose -w*r - h = -3*r. What is the tens digit of r?
2
Suppose 2*s + 4*w = s - 8, -15 = 5*w. Let k(m) = -11*m**2 - 4*m - 1. Let h(a) = 5*a**2 + 2*a. Let y(d) = 7*h(d) + 3*k(d). What is the units digit of y(s)?
7
Suppose -453*l - 11488 = -3*q - 451*l, -l + 15332 = 4*q. What is the tens digit of q?
3
Let u = 180 + -125. Suppose -5*l + 0*l + u = 0. What is the units digit of l?
1
Let c be (-2)/2 + 43/1. Suppose -7*w - c = -4*w. Let z = w + 18. What is the units digit of z?
4
What is the hundreds digit of (6/9)/(48/55368)?
7
Let i = -453 - -680. Suppose 5*s = -67 + i. What is the tens digit of 12/(3 - 84/s)?
3
Suppose 5*n = 510 - 120. Let b = -62 + n. What is the tens digit of b?
1
Let j = 5738 - 3916. What is the hundreds digit of j?
8
Suppose -8*g = -3*g. Suppose 2*v + 0*v - 382 = g. What is the units digit of v?
1
Let o = 550 + 34. What is the tens digit of o?
8
Let q be 20 - (1/1 - 5). Suppose -2*r = 2*b - q, -r = -2*b - 4*r + 19. What is the tens digit of b?
1
Let c be 2/5 + (-88)/(-55). Let h(m) = -1 + 3*m**c - 1 - m + 0*m**2 - 2. What is the units digit of h(-3)?
6
What is the tens digit of (2 + 10/(-15))*(-91992)/(-32)?
3
What is the units digit of (-3 - (6 - 231)) + (0 - -6)?
8
Suppose 0 = -5*q + 435 + 190. What is the units digit of -2 + 12/3 + q?
7
Let a(r) = -r**3 - 8*r**2 + 2*r + 8. Let o be a(-8). Let t(q) be the third derivative of -q**4/12 + q**3/2 + 2*q**2. What is the tens digit of t(o)?
1
Suppose 0 = 5*p - 17 - 103. Suppose 2*w - 3*w + p = 0. Let a = w + -8. What is the units digit of a?
6
Let l = -1 - -1. Let j(d) = 223 - 107 - 93 + 2*d**2 - d**2. What is the tens digit of j(l)?
2
Let t be 17/3 - (-14)/(-21). Suppose 5*y - 305 = -3*w - 0*y, -t*w + 560 = -2*y. Suppose n + 4*h + 18 = 86, -5*h - w = -2*n. What is the tens digit of n?
6
Suppose -399 = -q - 2*q. Let o = -80 + q. What is the units digit of o?
3
Let y = 14 - 9. Suppose -3*t + 42 = -0*t + y*l, 0 = -3*t + 5*l + 12. What is the units digit of t?
9
Suppose -5*o - 3*p + 236 = -5*p, -5*p + 154 = 3*o. What is the tens digit of o?
4
Let q(l) = 2 + l**3 + 0*l**3 - 3*l + 0*l**3 + 0. Let w be q(2). Suppose 0 = -4*g - w*v + 32 + 28, -g = 3*v - 13. What is the tens digit of g?
1
Let i be 0 - (3 - 4)*14. Suppose 5*a - 5*j = 50, -4*a = 4*j + 31 - 87. Let u = i - a. What is the units digit of u?
2
Suppose 22*c - 31*c + 9963 = 0. What is the units digit of c?
7
Let c(g) = g**3 + 9*g**2 - 10*g - 1. Let s be c(-10). Let y = 3 - 1. What is the units digit of (-5)/y*(-7 + s)?
0
Let v be 2*-1 + (-15)/(-5). Suppose 3*g + 2*c - v - 102 = 0, -g = 3*c - 39. Suppose -7*q + g = -4*q. What is the tens digit of q?
1
Suppose 3*t = 7*o - 5*o + 1298, -5*o - 424 = -t. What is the tens digit of t?
3
Suppose 6 = -t - 6. Let u(k) = -12*k**2 - k**3 + 13*k - 14*k + 2 + 0. What is the units digit of u(t)?
4
Suppose 6*n - 8*n = -884. What is the tens digit of n?
4
Suppose 2*l + 711 = -4*w + 3007, -3*w + 5*l = -1735. What is the hundreds digit of w?
5
Let t(m) be the second derivative of -3*m + 0 + 1/12*m**4 + 1/2*m**2 - 13/6*m**3. What is the units digit of t(13)?
1
Suppose 7*a + 418 = 138. Let r = a + 72. What is the tens digit of r?
3
Let j(g) = 4*g**3 + 5*g**2 + 4*g. Let r be j(-4). Let h = r - -269. What is the units digit of h?
7
Let w(x) = x + 10. Let h = 40 - 11. Let p = h - 37. What is the units digit of w(p)?
2
Suppose 2*w + w + 44 = 5*c, 2*c - 30 = -5*w. Suppose -7*i - 93 = -c*i. What is the units digit of i?
1
Suppose 8*o - 6*o = 4. Suppose -o*g + 214 = 48. What is the tens digit of g?
8
Let c(i) = -i**3 - 4*i**2 + 5*i + 2. Let q be c(-5). Suppose -3*g + 4*g = q. What is the tens digit of 435/12 - g/8?
3
Let k = -348 - -498. Suppose -o + 2*o = k. What is the units digit of o?
0
Let y = 11 - 8. Suppose 4*m - 15 = m, 5*l + y*m = 30. Suppose -l*t + 0*t - 4*s = -74, 5*s = 5*t - 170. What is the tens digit of t?
3
Let y = 3960 + -1516. What is the hundreds digit of y?
4
Suppose 630 = 5*p - 2*t, -3*p - 3*t - 369 = -6*p. What is the hundreds digit of p?
1
Let b = -7 - -10. Suppose 4*k = 5*a + 45 + 37, -b*a + 2*k = 48. What is the tens digit of (-416)/a + (-6)/(-21)?
3
Let u(c) = -c**3 - 14*c**2 + 6*c - 73. What is the tens digit of u(-16)?
4
Let u(a) be the first derivative of -9 + 1/4*a**4 - 5*a**3 + 17/2*a**2 - 9*a. What is the units digit of u(14)?
3
Let b be (-13)/(-7) - (-1)/7. Suppose 0 = -l - b*l + 24. What is the units digit of l?
8
Let a be ((-9)/27)/((-2)/18). Let g be (-26)/a*54/12. Let p = -29 - g. What is the units digi